- 6*k - 4. Let z be (16/10 + -2)/(1/10). What is h(z)?
4
Let q(w) = w**2 - 8*w + 9. Suppose -x + 2*n = -n, -3*n + 18 = 2*x. What is q(x)?
-3
Suppose -5*j + 40 = -2*c - 2*c, -6 = -4*j - 2*c. Let z(t) be the second derivative of 2*t**2 + 1/3*t**4 + 1/20*t**5 + 0*t**3 + 0 + j*t. Determine z(-4).
4
Let g = 4 + -7. Let x(q) = 4*q**3 - q**2 - 3*q. Let d(k) = -k**3 + k**2. Let v(i) = -3*d(i) - x(i). Give v(g).
0
Let p be 7 + -15 + 3/1 + 3. Let i(v) = 5 + v**2 + 2*v - 2 - 3. Give i(p).
0
Let j(q) be the third derivative of q**4/12 - 7*q**3/6 - 8*q**2. Give j(6).
5
Let z(k) = 3*k**2 + 10*k - 13. Let h(o) = o**2 + 5*o - 6. Let p(b) = -5*h(b) + 2*z(b). Give p(4).
0
Let n(y) be the second derivative of -3*y**5/20 - y**2/2 - 6*y. Calculate n(-1).
2
Let o(l) be the third derivative of -l**2 + 0 - 1/60*l**5 - 1/120*l**6 + 0*l + 1/24*l**4 - 5/6*l**3. Determine o(0).
-5
Suppose -2 = -3*o - 11. Let l be (-7 - -3) + (1 - o). Let k(b) = 2*b - 15. Let r(i) = -i + 7. Let f(q) = -4*k(q) - 9*r(q). Calculate f(l).
-3
Let n(h) = -h**2 + h + 5. Let f(i) = i**2 - 2*i - 5. Let v(q) = 3*f(q) + 2*n(q). Let j be (-3)/12 + (3 - 27/(-12)). What is v(j)?
0
Suppose 3*c + 2*x + 17 = 0, -x = 3*c - 4*x + 12. Let r(g) = -g**3 - 6*g**2 - 4*g. Give r(c).
-5
Let y(t) be the first derivative of -t**4/4 + 2*t**3/3 + 3*t**2/2 - 3*t + 11. Calculate y(3).
-3
Suppose 13 = 5*q - 37. Let w(o) = o**3 + 6*o**2 + 0*o**3 - q*o**2 - 6*o. Calculate w(5).
-5
Suppose 3*d - 4*v + 1 = 16, 3*v = 2*d - 10. Suppose 0 = 2*s + h - 12, 3*s = 6*h - d*h + 13. Let n(i) = i - 3. Calculate n(s).
2
Let v(c) = c**2 - 8*c - 6. Let s(j) = -2*j**2 + 17*j + 11. Let d(b) = -4*s(b) - 9*v(b). What is d(7)?
-11
Let f(r) = r - 4. Suppose -4*k + 2*a - 2 = -0, k + 14 = -4*a. Let m be (2 - 1)*k + 2. Suppose -5*n = -20, m = -5*z + n + 3 + 18. Determine f(z).
1
Let i(t) = t - 5. Let x be i(8). Let k(v) = -4*v**3 - 8 - 2*v - 4*v**3 + 7*v**x + 3*v. What is k(0)?
-8
Let u(n) be the first derivative of n**3/3 - 7*n**2/2 + 3*n - 1. Let m = -98 + 104. Calculate u(m).
-3
Let t(s) = 9*s + 2. Let b(o) = -5*o - 1. Let j(q) = -11*b(q) - 6*t(q). Let g = 1 + -2. Let l(a) = 7*a - 1. Let x(u) = g*l(u) + 5*j(u). Calculate x(3).
-10
Let r(t) = -t**2 - t + 1. Suppose -m = -30 + 32. What is r(m)?
-1
Suppose 3*f - 2*b + 17 = 2*b, 2*f - 4*b + 18 = 0. Let q(p) = 2*p**2 + 1. Let d be q(f). Let h(n) = -2*n - 3*n**2 + n**3 - 4*n**3 + 2*n**d. What is h(-2)?
0
Let t(g) = 298*g - 1 - 148*g - 151*g - 1. What is t(7)?
-9
Let q(o) = o**2 - o - 1. Let s(p) = -2*p**2 - 6*p + 11. Let v(t) = -3*q(t) - s(t). What is v(8)?
0
Let b(l) = -1 - 3 - l**2 + 7*l + 0*l**2. Suppose -3*o - o = 0. Suppose -k - k + 10 = o. Calculate b(k).
6
Let u(h) = 14*h**3 - 2*h + 3. Let m(t) = 28*t**3 + t**2 - 5*t + 7. Let w(l) = -2*m(l) + 5*u(l). Calculate w(-1).
-15
Let p(x) = 9*x - 4. Let k(n) = -19*n + 7. Let j(l) = 4*k(l) + 7*p(l). Give j(1).
-13
Suppose 0*y - 3*s - 28 = -y, -2*y + 5*s = -52. Suppose 20 = -5*p + 5*r, 0 = -4*p - 2*r + r - y. Let w(a) = -a**3 - 4*a**2 - 4. What is w(p)?
-4
Let v(k) = 3*k - 4. Suppose 0*r - 15 = r. Let p = r + 19. Give v(p).
8
Let m = 150 - 143. Let s(v) = v**2 - 5*v - 11. Determine s(m).
3
Let c(q) = -q**2 - 5*q + 8. Let h be c(-6). Let a(n) = 2*n - 4*n - h*n. Determine a(-1).
4
Let g(i) be the third derivative of -i**6/120 + i**5/10 - i**4/8 - 7*i**3/6 + 8*i**2. Give g(5).
3
Let y(s) = s**3 + 4*s**2 - 3*s - 4. Suppose -q = m + 1, 4*q - q - 4*m + 24 = 0. What is y(q)?
8
Suppose -3 = 5*o + 2. Let x(c) = 7*c**3 - 5*c**2 - 15*c + 9. Let s(k) = k**3 - k. Let r(h) = o*x(h) + 6*s(h). Give r(6).
9
Let t(p) = -6*p. Let n(a) = a**3 - 3*a**2 + a + 1. Let u be n(2). Calculate t(u).
6
Suppose 4*s + 6 = 10. Suppose 0 = -2*x + x - s. Let l(v) = 12*v + 5. Let f(p) = 12*p + 6. Let u(j) = 4*f(j) - 5*l(j). What is u(x)?
11
Let m(d) = -3*d - 1. Let j be 2*(2 - 1)*-4. Let r = 11 + j. Calculate m(r).
-10
Let c be 3/18*-2*-9. Suppose -2*x = -c*x + 2. Let v(h) = 3*h - 4*h + x*h + 5. What is v(-5)?
0
Suppose 8*n + 7 - 31 = 0. Let h(y) be the third derivative of -1/8*y**4 + 1/6*y**3 + 0*y - n*y**2 + 0. Calculate h(-1).
4
Let s(u) = 4*u**2. Suppose 2*y = -4*y - 6. Calculate s(y).
4
Let y be 8/(-2) + 20/10. Let u be (y/(-4))/(1/(-2)). Let i be (-20)/(-6) - u/(-3). Let p(n) = -2*n**2 + 3*n. Determine p(i).
-9
Let x(y) = 0 - 1 + 4*y**3 - 5*y**3 + y**2. Suppose -20 = 5*p, -5*g + 9 = -3*p + 42. Let d = -9 - g. What is x(d)?
-1
Let m(w) = -w**2 - 10*w - 11. Let l = -120 + 111. Give m(l).
-2
Let r = 68 - 71. Let n(d) = d**3 + 3*d**2 + d + 3. Calculate n(r).
0
Let x(a) = 39*a + 18. Let b(m) = -11*m - 5. Let h(p) = -18*b(p) - 5*x(p). Determine h(-1).
-3
Let n(a) be the third derivative of a**7/1260 - a**6/360 - a**5/120 - 5*a**4/24 - a**2. Let k(h) be the second derivative of n(h). What is k(2)?
3
Let x(j) = 3*j**3 + j**2 + j - 1. Let o be x(1). Let y(w) = 7 - 2 + 6*w - o*w. Let a = 4 - 9. Give y(a).
-5
Let l(c) = -c**3 + c**2 - c - 1. Suppose 0 = -4*f - 2*i - 2, 3*i + 19 - 4 = 0. Suppose 4 = -f*z - 0*z. What is l(z)?
13
Suppose -4*x + 3*x - 30 = 3*p, 5*x = -3*p - 18. Let y(i) = i - 9. Let n(l) = 6*l - 46. Let r(g) = p*y(g) + 2*n(g). Calculate r(-5).
2
Suppose -2*i = -f - 1 + 7, -5*i + 2*f = 14. Let l(k) = k - 2. Calculate l(i).
-4
Let s(b) be the first derivative of -b**4/4 + 2*b**3/3 + b**2/2 - 2*b - 17. Give s(-2).
12
Let r(y) = y**2 - 4*y. Let g(d) = -d**2 + 4*d + 1. Let j(m) = -4*g(m) - 3*r(m). Give j(7).
17
Let i(a) = a**3 - 6*a**2 + 6*a + 4. Let p be (1 - 2)/(8/(-40)). What is i(p)?
9
Let h(g) be the second derivative of g**5/20 - g**4/6 - g**3/2 - g**2 - 19*g. Calculate h(3).
-2
Suppose -15 = -6*z + 11*z. Let q(h) = -h + 1. What is q(z)?
4
Let l(b) = 2*b**2 + 2*b - 7. Suppose 15 - 6 = 3*n. Suppose -2 = n*h - 14. Let s(z) = -z**2 - z + 3. Let a(k) = h*l(k) + 7*s(k). Calculate a(0).
-7
Let j(k) = -k**2 - 7*k - 7. Let i be j(-5). Suppose i*m = -m. Let p(x) be the second derivative of x**4/12 + 5*x**2 - 21*x. Give p(m).
10
Let z(s) be the third derivative of -s**6/120 - s**5/15 + 5*s**4/12 + 7*s**3/6 - 24*s**2. Determine z(-6).
19
Let k(z) = -z**3 - 3*z**2 - 3*z + 1. Let b = -3 - -3. Suppose b = 4*h - 3*m + 9, -4 = 2*h - 0*m - 2*m. What is k(h)?
10
Let t(f) = f. Suppose 2*i - 16 = -4. Calculate t(i).
6
Let n(s) = -3*s + 4. Let o(g) = -g. Let b(t) = -n(t) + 2*o(t). Suppose -45 = -4*x - 5*j, -5*j = 3*x + 2*x - 50. Give b(x).
1
Let i = 6 + -6. Let d(w) = 10 + 4*w + w - 6*w + 2*w. Determine d(i).
10
Let y(t) = -t**2 + t - 2. Let x(s) = -3*s**2 + 4*s - 7. Let a = -28 - -42. Let z = a - 7. Let q(c) = z*y(c) - 2*x(c). What is q(-2)?
-2
Let s(f) = -f + 2. Let c be s(-2). Let t(i) be the third derivative of -i**4/24 + i**3/3 - 8*i**2. Give t(c).
-2
Let k(t) = 1 - 1 - 1 - 56*t + 69*t. Calculate k(-1).
-14
Suppose 7 + 7 = 4*c + 5*t, -t = -2. Let y(p) = 5*p**3 + 2*p**2 - 2*p + 1. Give y(c).
6
Let a(z) = -7 - 2*z + 3*z**2 - z**2 - z**2. Let f(w) = 2*w**2 - 3*w - 15. Let d(q) = -13*a(q) + 6*f(q). Calculate d(8).
1
Let c(p) = -p**2 - p + 1. Let o = -6 + 5. Let l = o + 3. Suppose 0*q - 12 = -t - 3*q, 3*t = -l*q + 1. Calculate c(t).
-5
Suppose 114*m - 108*m = -30. Let j(u) = 2*u**3 + 5*u**2 - 2*u + 5. Let o(q) = q**3 + q**2 + q + 1. Let p(h) = j(h) - o(h). Give p(m).
-6
Let v(h) = -h + 5. Let b be v(5). Let s = b + 4. Let f(w) = -5*w - 2*w + 0*w + 6*w + 1. What is f(s)?
-3
Let u(d) = d**3 + 2*d**2 + d. Let f = -2 + 6. Let b be 1*(f + (0 - 0)). Suppose b*z - g = -5, -z + g - 3*g + 1 = 0. Determine u(z).
0
Let u(c) = 2*c**2 - 2*c - 3. Suppose -y - 12 = -3*y. Let w be (-4)/y - 11/(-3). Determine u(w).
9
Let d = -42 + 36. Let w(r) = -r**2 - 3*r + 7. Give w(d).
-11
Let y(u) = -2*u**3 + 0*u**3 + 8*u - 7*u**2 + 2*u**2 + 7. Let q(f) = -f**3 - 5*f**2 + 7*f + 6. Let g = -55 + 57. Let w(z) = g*y(z) - 3*q(z). Calculate w(4).
-8
Let j(p) = 15*p. Let c be j(1). Let o be 84/c - (-6)/15. Let v(z) = z**2 - 4*z - 1. Calculate v(o).
11
Let s(g) = g**3 + g**2 - g - 5. Let j(o) = -o - 13. Let n be j(-13). Suppose 3*i - 7*i = n. What is s(i)?
-5
Let h(m) be the third derivative of 7*m**6/120 + m**5/60 - m**4/24 - 9*m**2. What is h(1)?
7
Let h(r) = -r**3 + 3*r**2 + r + 3. Let x be h(3). Let z(f) = f - 1. Determine z(x).
5
Let m be ((-9)/(-2))/(-9)*10. Let n(i) = i**3 + 6*i**2 + 7*i + 4. Calculate n(m).
-6
Let f(x) be t